626 + 1675. What is the remainder when 362 is divided by i?
19
Let p = -46 - -68. Suppose 11*d = -2*d + 169. Suppose -d*g - 488 = -21*g. Calculate the remainder when g is divided by p.
17
Suppose 95*i = 179*i - 95928. What is the remainder when i is divided by 26?
24
Suppose -3*v - 3*o = -12, v - 4*o + 17 = 6*v. Let h be (-1)/(10/(-2)) + 191/(-5). Let i = 42 + h. What is the remainder when i is divided by v?
0
Let c = 197 + -189. Calculate the remainder when 233 is divided by 15 + 59 - (-1)/((-2)/c).
23
Let r(b) = b**3 + 9*b**2 - b + 10. Suppose 5*f + 43 = -c, -27 = 3*c - 18. Calculate the remainder when r(f) is divided by 46.
36
Calculate the remainder when 938 is divided by 152425/490 - (-1)/(-14).
5
Let a(s) be the third derivative of s**4/8 - s**3/3 - 6*s**2 - 2. Let l be a(0). What is the remainder when 111 is divided by l/4*2 + 20?
16
Suppose 152*b = 38722 + 21774. What is the remainder when b is divided by 84?
62
What is the remainder when 138651/678 - 3/(-2) is divided by 2?
0
Let c(g) = -249*g + 5198. What is the remainder when c(16) is divided by 134?
8
Let p = 10312 - 10295. Calculate the remainder when 191 is divided by p.
4
What is the remainder when (9*(-4)/(-108))/((-9)/(-90234)) is divided by 7?
3
Let a(n) = 6*n**2 + 42*n - 75. What is the remainder when a(-16) is divided by 61?
57
Let m be (0 + -201)*(-1)/(-3) + -3. Let d = 79 + m. Calculate the remainder when d is divided by 2.
1
Let h = 446 + -138. Let k = h - 282. Calculate the remainder when 153 is divided by k.
23
Calculate the remainder when (-5324)/(-16) + (-6)/8 is divided by ((-1258)/(-102))/(1/3).
36
Calculate the remainder when 696 is divided by 72/((-16)/(-4)) + (-14 - (0 + -13)).
16
What is the remainder when 1948 is divided by (-296)/(-32) + 70/105*(-18)/(-16)?
8
Let i(k) = -k**2 + 266*k - 12350. What is the remainder when 0 - -1 - (-2 - 184) is divided by i(206)?
7
Suppose 4*c - 146 = -k, 11*k - 256 = 9*k + c. Calculate the remainder when k is divided by 4 - 20/4 - -4.
1
What is the remainder when 44/22 + 5 + 42 + (-4)/(-2) is divided by 26?
25
Suppose 1737 = -102*r + 6531. What is the remainder when 12642 is divided by r?
46
Let f(i) = 1 - 111*i - 74*i - 3 + 4*i. Let z be f(-2). Suppose 0 = 5*h + 2*c + 3*c - z, 78 = h - 5*c. What is the remainder when h is divided by 19?
16
Let y = 92 - 92. Suppose y = 4*m + 2*j - 61 - 23, j = -5*m + 111. Calculate the remainder when 54 is divided by m.
8
Suppose 0 = -3*j + 5*j - 4. Suppose -5*q + 2*m - 6*m + 317 = 0, j*q - m = 119. Suppose 6*s - 33 = 6 + 57. Calculate the remainder when q is divided by s.
13
Suppose -423*f = -418*f - 3190. What is the remainder when f is divided by 200?
38
Let p(f) = 2. Let b(q) = 2*q - 6. Suppose 5 - 15 = -4*a + 3*o, -3*a = -o - 5. Let n(d) = a*b(d) + 2*p(d). Calculate the remainder when 124 is divided by n(22).
40
Let h = 37 + 80. Suppose -h = -2*v - 95. What is the remainder when 54 is divided by v?
10
Let y(d) = -d**3 - 59*d**2 + 124*d + 1180. What is the remainder when y(-61) is divided by 89?
79
Suppose 3*i - m + 3*m - 773 = 0, -4*m + 1285 = 5*i. Let w = i + -244. What is the remainder when 48 is divided by w?
14
Let o(k) = k**2 - 641*k - 10501. Calculate the remainder when 8644 is divided by o(-16).
9
Suppose -51*f = -20*f - 15562. What is the remainder when f is divided by 248?
6
Suppose 301 = 3*x - 764. Let g = -160 + x. Calculate the remainder when g is divided by 33.
30
Suppose -4*w - 5*k = -208 - 408, 3*w - 5*k - 497 = 0. Let q(o) = 2*o**3 - 6*o**2 - o + 4. What is the remainder when w is divided by q(4)?
31
Let z(t) = 2*t**2 + 11*t + 12. Let c be 4 + -8 + 6 - 1. Let g(l) = l**2 + l + 1. Let y(p) = c*z(p) - 3*g(p). Calculate the remainder when 61 is divided by y(7).
13
Suppose -2*g + 0*g = -12. Let j = -130704 - -130754. What is the remainder when j is divided by g?
2
Suppose 0 = -60*d - 162*d + 1546 + 1562. Calculate the remainder when 2063 is divided by d.
5
Suppose -15*d + 2653 = -752. Calculate the remainder when d is divided by 71.
14
What is the remainder when 923 is divided by 4 + (35/(-7) - -200) + -4?
143
Let t = -148 - -138. What is the remainder when 51 is divided by 0/2 - (t + -6)?
3
Suppose 0 = -c - 142 + 146. Calculate the remainder when 397 is divided by 21/(c + -5 + 4).
5
Suppose -81204 = -63*a - 93*a + 22*a. What is the remainder when a is divided by 197?
15
Suppose 91*h - 9653 + 2893 = 26*h. Calculate the remainder when h is divided by 27.
23
Suppose -27*f = -22*f - 455. Let q = 104 - f. What is the remainder when 25 is divided by q?
12
Suppose 0 = 4*p - 4*i - 3000, 0*i + i = -3*p + 2250. Calculate the remainder when 55 is divided by 6/18 + (p/(-9))/(-5).
4
Suppose 4*y - 99 = 2*m + 5, 3*m + 129 = 5*y. Suppose 28*a = y*a + 1. What is the remainder when 2/2 - (-6 - 0)*a is divided by 5?
2
Let q = 207 - 205. Suppose -324 = -2*b + q*r, 0 = -2*r + 6*r + 20. Calculate the remainder when b is divided by 20.
17
Let a = 25 + -22. Let s = 63 - 59. What is the remainder when s is divided by a/5 + 8/20?
0
Calculate the remainder when 112/20*3485/68 is divided by 36.
35
Let r(t) = 9*t**2 - 2*t - 1. Let v be (-3)/((-92)/86 - -1). Suppose -3*i - 5*l = -v, 5*i + l = 39 + 40. Calculate the remainder when i is divided by r(-1).
6
Let g = 146 - 50. Suppose 0 = -3*f - 3*i - 0*i + g, 5*f - 196 = 4*i. Let z = -26553 - -26803. Calculate the remainder when z is divided by f.
34
Let q(n) be the second derivative of -185*n**3/6 + 10*n**2 - 26*n. Calculate the remainder when q(-1) is divided by 26.
23
Suppose 0 = -3*m + 164 + 13. Suppose 160*y - 103*y = 10032. Calculate the remainder when y is divided by m.
58
Suppose 4*y = 12 + 4. What is the remainder when y is divided by (-28)/(-56) + ((-28)/(-8))/7?
0
Let s = -191 + 222. Suppose 3*a = 74 + s. What is the remainder when 277 is divided by a?
32
Suppose 5*r = -f + 2*r + 47, -4*f + 2*r = -118. Let b(q) = -28 - 35 - q + 66 + 2*q**2. Calculate the remainder when f is divided by b(3).
14
Suppose 2*s = -2*l + 127 - 7, -s = 3. Let k = 138 + 113. What is the remainder when k is divided by l?
62
Calculate the remainder when -6 - 7837/(-34)*(-4)/(-2) is divided by 71.
29
Let z(x) be the first derivative of -x**4/4 - 14*x**3 - x**2 + 44*x - 25. Calculate the remainder when z(-42) is divided by 37.
17
Let u = -35 - -17. Let a = u - -24. Suppose 0 = -a*x + 7*x - 21. What is the remainder when 54 is divided by x?
12
Suppose 3*k - 3*p - 124 = 65, -5*k + 259 = 3*p. Calculate the remainder when 234 is divided by k.
10
Let m be (-2)/10 - 1/((-20)/84). Suppose 2*t = 5*a - 32, -m*t - a + 28 = -8*t. What is the remainder when 30 is divided by (-110)/t + 24/36?
11
Let b(a) = -32 - 22 - 60*a + 96*a - 55*a. Calculate the remainder when b(-6) is divided by 7.
4
Suppose 17*p - 1237 = 1772. Calculate the remainder when p is divided by 45.
42
Suppose -20*o - 16 + 296 = 0. Calculate the remainder when o is divided by ((-20)/(-6))/((-12)/(-18)).
4
Suppose -5*o = 3*o - 31*o. Suppose 5*s + 4*x - 211 = o, -3*s - 3*x + 58 = -71. Calculate the remainder when 70 is divided by s.
31
Suppose 94*s - 2663 = 14539. Calculate the remainder when 352 is divided by s.
169
Let h(r) = -23*r - 55. Let z be h(8). Let y = -179 - z. Let g(w) = w**3 - 3*w**2 + 3*w + 4. What is the remainder when y is divided by g(4)?
28
Suppose -2*b = 4*t - 82, 18*t + 233 = 5*b + 14*t. Suppose 2*k - b = 87. Calculate the remainder when k is divided by 47.
19
Let u(t) = -4*t**2 + 153*t + 13. What is the remainder when 433 is divided by u(38)?
25
Let g = 54 - 194. Let w = g - -166. Calculate the remainder when 153 is divided by w.
23
Let d be (3/9)/(14/126). Suppose d*n = 4*y - 208, 8*n - 7*n - 143 = -3*y. Suppose 5*z - 20 = 45. What is the remainder when y is divided by z?
10
Suppose 5*p - 116 = -5*q + 339, 241 = 3*q - p. Calculate the remainder when q is divided by (-428)/(-12) - 2/(-6).
11
Calculate the remainder when 5703 is divided by (146/(-8) - -1)/((-279)/1488).
91
Let n(z) be the first derivative of z**3/6 + 7*z**2/2 + 5*z + 16. Let y(b) be the first derivative of n(b). What is the remainder when 40 is divided by y(7)?
12
Suppose 10 = k - 18. Suppose 3*o - 378 = -2*z, -o - 412 = -2*z - 18. Calculate the remainder when z is divided by k.
27
Let v be (-69)/(-4) + (-147)/28 + 6. Suppose p - v = -1